0
23211
Convert 1342 (base 7) to base 16.
208
-1011123 (base 5) to base 2
-100000000011101
10110100010 (base 2) to base 9
1872
What is -22213 (base 4) in base 8?
-1247
What is -7460 (base 8) in base 6?
-30000
3135 (base 6) to base 9
865
What is -131324 (base 6) in base 10?
-12004
What is -2551 (base 9) in base 16?
-775
-302311 (base 6) to base 4
-11311003
-139c2 (base 15) to base 13
-2286b
Convert -32 (base 7) to base 12.
-1b
Convert 10001011101 (base 2) to base 6.
5101
Convert -412 (base 8) to base 3.
-100212
What is -178 (base 10) in base 15?
-bd
-2101110 (base 3) to base 5
-23430
1303 (base 9) to base 2
1111001111
Convert 2a48 (base 15) to base 9.
13385
-100111111 (base 2) to base 14
-18b
What is 345 (base 7) in base 10?
180
What is 1000200 (base 3) in base 11?
61a
-23133 (base 5) to base 3
-2021210
Convert 1005 (base 9) to base 15.
33e
Convert -1969b (base 14) to base 5.
-4030200
What is -2ac1 (base 13) in base 7?
-24124
Convert -a900 (base 11) to base 6.
-150355
10012331 (base 4) to base 2
100000110111101
d00 (base 14) to base 13
1210
340 (base 6) to base 13
a2
b6e (base 16) to base 9
4011
-867 (base 12) to base 4
-103033
What is 459 (base 15) in base 3?
1100110
Convert -1001111101000100 (base 2) to base 9.
-61832
Convert 8c67 (base 13) to base 14.
7265
Convert 574 (base 8) to base 16.
17c
-1464 (base 8) to base 7
-2251
What is 111111001 (base 2) in base 8?
771
What is 20333 (base 5) in base 14?
6bd
What is 236 (base 14) in base 16?
1b8
Convert -6732 (base 8) to base 2.
-110111011010
What is 4626 (base 11) in base 5?
143303
Convert -2bc (base 14) to base 4.
-20232
212201 (base 4) to base 11
1941
What is -34d (base 14) in base 16?
-291
Convert 4a5 (base 15) to base 16.
41f
435 (base 9) to base 15
18b
-6a2 (base 13) to base 7
-3225
What is -32633 (base 9) in base 6?
-244133
Convert 1010022 (base 3) to base 6.
3442
Convert -4d6 (base 15) to base 4.
-101031
-8726 (base 10) to base 9
-12865
What is 21610 (base 10) in base 5?
1142420
Convert -403 (base 12) to base 7.
-1455
Convert -219 (base 14) to base 16.
-19f
What is -518 (base 9) in base 11?
-354
-100110111000 (base 2) to base 13
-1195
-473 (base 16) to base 15
-50e
Convert 733 (base 9) to base 7.
1512
Convert 241 (base 13) to base 9.
474
Convert -14245 (base 6) to base 4.
-203111
cd (base 16) to base 12
151
-127 (base 10) to base 7
-241
What is 146226 (base 7) in base 11?
1a529
Convert -14c7 (base 13) to base 3.
-11011110
What is 63a6 (base 13) in base 6?
144001
What is -2b36 (base 13) in base 10?
-6298
What is -1143313 (base 5) in base 13?
-9b5b
Convert -5674 (base 8) to base 13.
-14a1
Convert 1038 (base 10) to base 7.
3012
What is -a457 (base 14) in base 16?
-6e8d
Convert -1a4 (base 13) to base 16.
-12f
-435 (base 15) to base 7
-2525
Convert -887 (base 10) to base 5.
-12022
14047 (base 9) to base 12
5614
50241 (base 7) to base 6
132100
Convert b957 (base 12) to base 9.
30844
What is -35474 (base 8) in base 12?
-8938
What is -12133 (base 4) in base 9?
-511
What is 2132 (base 4) in base 6?
422
-3301 (base 5) to base 15
-201
Convert -869 (base 10) to base 7.
-2351
Convert -86b (base 13) to base 14.
-74d
3803 (base 9) to base 7
11163
437 (base 13) to base 3
222202
-2165 (base 7) to base 2
-1100001110
Convert 31434 (base 6) to base 5.
114040
Convert -108 (base 9) to base 4.
-1121
64122 (base 7) to base 3
210201210
4266 (base 10) to base 6
31430
Convert 3b70 (base 15) to base 3.
122102120
Convert -113441 (base 5) to base 8.
-10226
11110 (base 4) to base 8
524
What is -131231 (base 4) in base 8?
-3555
What is 46655 (base 8) in base 16?
4dad
What is -21266 (base 7) in base 13?
-2540
What is 31a70 (base 11) in base 8?
132715
Convert 202005 (base 7) to base 13.
127cb
What is -210130 (base 7) in base 13?
-1356a
-120001002 (base 3) to base 5
-322324
-1772 (base 10) to base 9
-2378
Convert 122220 (base 3) to base 16.
1e3
What is -29a (base 16) in base 15?
-2e6
Convert -131353 (base 6) to base 14.
-4549
10100101011 (base 2) to base 8
2453
2322013 (base 4) to base 9
17304
544 (base 6) to base 14
10c
22203121 (base 4) to base 12
21021
Convert 738a (base 13) to base 10.
16000
142673 (base 8) to base 16
c5bb
-440 (base 12) to base 11
-518
1527 (base 8) to base 5
11410
-2234 (base 6) to base 9
-644
3122 (base 7) to base 12
772
What is -133010 (base 4) in base 7?
-5540
What is 11 (base 14) in base 9?
16
What is -5715 (base 9) in base 3?
-12210112
11000101100 (base 2) to base 9
2145
What is -220 (base 14) in base 6?
-1540
What is -111010110 (base 2) in base 13?
-2a2
-1374 (base 9) to base 12
-727
212 (base 7) to base 12
8b
-1001222 (base 3) to base 7
-2165
What is 247aa (base 14) in base 15?
1b705
Convert 11032022 (base 4) to base 7.
116231
What is 2126 (base 7) in base 4?
23303
What is 2020301 (base 4) in base 14?
3293
1313 (base 7) to base 5
4000
What is -10100011100101 (base 2) in base 15?
-317e
Convert 55243 (base 6) to base 3.
101111200
12710 (base 8) to base 5
134301
-66 (base 15) to base 4
-1200
-1c9f (base 16) to base 13
-3448
What is -6c79 (base 16) in base 4?
-12301321
8d25 (base 14) to base 3
1020122122
What is -65755 (base 10) in base 11?
-45448
Convert 26424 (base 9) to base 4.
10112302
What is 6e0 (base 15) in base 7?
4356
What is -10ab (base 13) in base 9?
-3177
Convert -3363 (base 9) to base 13.
-1194
What is -1046 (base 7) in base 5?
-3002
-c5 (base 16) to base 15
-d2
111022 (base 6) to base 8
22126
31727 (base 8) to base 4
3033113
-585 (base 11) to base 6
-3122
What is -40321 (base 5) in base 11?
-1a41
-14254 (base 6) to base 10
-2266
What is 1204 (base 9) in base 14?
47d
-120022 (base 3) to base 15
-1c8
679 (base 13) to base 15
4e4
What is 232001 (base 5) in base 10?
8376
-15405 (base 7) to base 15
-142c
-1002311 (base 4) to base 15
-1402
What is -202101 (base 3) in base 2?
-1000100110
Convert -6a3 (base 14) to base 5.
-20234
What is -2210201 (base 3) in base 11?
-1599
What is 131 (base 7) in base 4?
1013
-343 (base 6) to base 8
-207
154010 (base 6) to base 9
22666
-23b0 (base 15) to base 6
-55050
-15710 (base 8) to base 6
-52532
10111011 (base 3) to base 16
9ee
What is -3114440 (base 5) in base 7?
-302255
What is -4451 (base 10) in base 9?
-6085
Convert -18 (base 13) to base 10.
-21
What is -1216 (base 7) in base 6?
-2034
4410 (base 5) to base 16
25d
Convert 13133 (base 7) to base 2.
110110101111
What is 367 (base 9) in base 14?
17a
Convert 20548 (base 11) to base 16.
74f3
21430 (base 5) to base 2
10111010010
What is 30303010 (base 4) in base 11?
36425
Convert a5 (base 14) to base 15.
9a
Convert 50034 (base 6) to base 11.
4981
3211 (base 11) to base 3
12211022
Convert 2208 (base 13) to base 5.
122430
-3159b (base 12) to base 6
-1215515
-4738 (base 16) to base 15
-5607
298d (base 16) to base 13
4ac3
58db (base 14) to base 7
63064
Convert 432b (base 16) to base 13.
7a99
Convert -10001110111011 (base 2) to base 4.
-2032323
What is -2008 (base 12) in base 4?
-312020
What is 328 (base 16) in base 13?
4a2
Convert -12220011 (base 3) to base 10.
-4297
327 (base 9) to base 5
2033
What is 100120121 (base 3) in base 11?
5278
Convert 236 (base 16) to base 10.
566
Convert 10141 (base 8) to base 6.
31225
1322310 (base 4) to base 11
59a6
Convert -11730 (base 8) to base 4.
-1033120
700 (base 16) to base 10
1792
Convert a32d (base 15) to base 7.
202330
4215 (base 10) to base 12
2533
-27510 (base 8) to base 9
-17538
Convert -2100210120 (base 3) to base 8.
-132655
What is -2060 (base 10) in base 7?
-6002
14271 (base 14) to base 5
3044013
What is 2021 (base 16) in base 14?
2dd7
What is 12224 (base 7) in base 15?
e38
102055 (base 6) to base 15
2698
Convert -21320011 (base 4) to base 12.
-1b4b1
What is 2212020 (base 3) in base 11?
1626
Convert -3503 (base 9) to base 7.
-10365
-2244 (base 5) to base 4
-11010
3654 (base 7) to base 8
2522
Convert -4387 (base 12) to base 9.
-11184
What is -778 (base 10) in base 5?
-11103
2d4c (base 15) to base 7
40263
-2588 (base 12) to base 15
-1405
288 (base 14) to base 3
200222
Convert 1220202 (base 3) to base 4.
111311
Convert 365 (base 8) to base 14.
137
What is 1161 (base 10) in base 5?
14121
Convert 146 (base 16) to base 7.
644
114a (base 11) to base 2
10111100010
What is 36206 (base 8) in base 15?
48ce
-12111031 (base 4) to base 14
-9645
What is -4dc5 (base 14) in bas